econd derivative of -l**3/6 + 3*l**2 + l. What is the remainder when u(4) is divided by v?
0
Suppose 2*f + f - 192 = 0. What is the remainder when f is divided by 22?
20
Suppose -3*x + 3 = c, 7*x - 4*x = 2*c - 24. Suppose 2*u + 0*f = 3*f + 85, 3*f - 47 = -u. What is the remainder when u is divided by c?
8
Let u(w) be the first derivative of -3*w + 1 + 5/2*w**2 + 1/3*w**3. What is the remainder when 32 is divided by u(-7)?
10
Let j(b) = -b**3 - 14*b**2 + b + 20. Suppose 0 = -5*h - 6 - 4, 0 = -4*r - 4*h + 24. What is the remainder when ((-22)/r)/(4/(-16)) is divided by j(-14)?
5
Suppose -13*x + 468 = -9*x. Calculate the remainder when x is divided by 60.
57
Suppose -x = -0*x - 19. Suppose 27 = 4*h - 5*b - 132, b - 33 = -h. What is the remainder when h is divided by x?
17
Let k(q) = q**3 + 6*q**2 + 4*q - 1. Let m be k(-5). What is the remainder when (28/(-10))/(m/(-20)) is divided by 5?
4
Suppose 11*g - 70 = 6*g. Calculate the remainder when g is divided by 3.
2
Let x be 0 - (0 - (4 - 0)). Suppose 74 + 22 = x*v. What is the remainder when v is divided by (-2 + 4)/(2/9)?
6
Let c = 14 + 7. Calculate the remainder when c is divided by 12.
9
What is the remainder when 9 is divided by (-25)/(-10)*4/2?
4
Let l(c) = c**3 + 22*c**2 - 2*c + 13. Calculate the remainder when l(-22) is divided by 29.
28
Suppose 6*r - 21 = r - d, -4*r + 2*d = -14. Calculate the remainder when 21 is divided by r - -7 - (0 + 3).
5
Calculate the remainder when 5 is divided by ((-2)/6)/(1/(-6)).
1
Let w = -89 - -147. Suppose -3*g = 0, -2*f + 0*g = -3*g - w. Calculate the remainder when f is divided by 17.
12
Suppose 0*a + 2*a + 22 = 0. Let f = a + 21. Calculate the remainder when 37 is divided by f.
7
Calculate the remainder when (4 - 2) + 34 + -2 is divided by 18.
16
Suppose 5*k + 2 - 12 = 0. Let n be (-1)/2 + 3/2. Calculate the remainder when 33 is divided by 10 - (3 - k)*n.
6
Let n(g) = -4*g**3 + 5*g**2 + 5*g + 2*g - 4 + 3*g**3. Let h be n(6). Suppose -74 = -h*k - 0*k. Calculate the remainder when k is divided by 13.
11
Suppose 56 + 24 = 5*r. Suppose -2*l = l - 138. What is the remainder when l is divided by r?
14
Let o(c) = -35*c**3 - 2*c - 1. Let t be o(-1). Calculate the remainder when 10 is divided by (2/(-4))/((-3)/t).
4
Suppose 3*y + 3*j - 30 = 0, 42 = 4*y + j + j. Suppose 4 = n + 2*n + 2*g, n = 5*g - 10. Let b = 32 + n. What is the remainder when b is divided by y?
10
Let g = -56 + 61. Suppose v = -4*w + 3*v + 24, 19 = 5*w + 3*v. Let n = g + w. Calculate the remainder when n is divided by 4.
2
Let a(y) = 4*y + 3. Suppose 0 = -8*n + 246 + 338. Calculate the remainder when n is divided by a(4).
16
Let o(b) = -13*b + 9. Let k(v) = -7*v + 5. Let m(r) = -11*k(r) + 6*o(r). Calculate the remainder when 21 is divided by m(-7).
3
Let u(s) = -68*s. Let i be u(-2). Suppose 8*m - 4*m = i. What is the remainder when m is divided by 9?
7
Suppose -2*b = -4*b + 136. What is the remainder when b is divided by 35?
33
What is the remainder when 25 is divided by -20*(0 - 1)/2?
5
Suppose 0 = 5*l + 40 - 530. What is the remainder when l is divided by 20?
18
Let l be (2/4)/((-5)/(-20)). Suppose -l*c = -0*c - 8. Calculate the remainder when 10 is divided by c.
2
Let p be ((-6)/2)/(3/4). What is the remainder when 19 is divided by (-47)/(-7) + p/(-14)?
5
Let l be (3 + -3)/(0 - 2). Suppose -2*j + 12 + 6 = l. Let m(h) = -h**3 + 10*h**2 - 6*h + 8. What is the remainder when m(j) is divided by 12?
11
Let z(r) = r + 4. Let q be z(-4). Suppose 17 = u - q*u. What is the remainder when 33 is divided by u?
16
Suppose 0*h - 3*h - 7 = -2*q, 4*h - 4 = -4*q. What is the remainder when (-56)/20*-5 - 9 is divided by q?
1
Calculate the remainder when (3 - 25/5)*(-21)/2 is divided by 11.
10
Let b = -5 + 14. What is the remainder when b is divided by 6?
3
Let z(j) = j**3 - 6*j**2 - 4*j - 17. What is the remainder when 13 is divided by z(7)?
1
Let k(z) = -2*z + 10. Calculate the remainder when 38 is divided by k(-2).
10
Suppose -15 = -5*a - 4*i, -2*a - 5*i + 9 = a. Let g(d) = 1 - 3 + 1 - a + 3*d. What is the remainder when 13 is divided by g(4)?
5
Suppose 8*w - 3*w = -15, 0 = d - w - 59. What is the remainder when d is divided by 6300/324 - (-4)/(-9)?
18
Let l(q) = -q**3 + 9*q**2 - 12*q + 2. Calculate the remainder when 111 is divided by l(7).
15
Let q = 1 - -3. Calculate the remainder when 23 is divided by q.
3
What is the remainder when (2/6)/((-2)/(-348)) is divided by (-4)/(-22) + 1956/132?
13
Suppose -8*c + 3*c = -50. Suppose -5*s = -99 + 14. Calculate the remainder when s is divided by c.
7
Calculate the remainder when (-9 + 47)*(-3)/(-2) is divided by 20.
17
Let w be 1/(-6) - 13/(-6). Suppose -g + w = -j - 10, -4*j = g - 27. Calculate the remainder when (-4)/(-6) - (-510)/18 is divided by g.
14
Let y be -134*((-1)/1)/2. Suppose -252 = -5*d - y. What is the remainder when d is divided by 13?
11
Let c = -10 + 24. Calculate the remainder when 6/3 - (-190)/5 is divided by c.
12
Let i = 14 - 29. Let k = 29 + i. Calculate the remainder when 25 is divided by k.
11
Let s(p) = p**3 - 2*p**2 - 2*p + 33. What is the remainder when 64 is divided by s(0)?
31
Let z(i) = 2*i - 4. Suppose -4*a = -a. What is the remainder when 2 - (a/1 + -12) is divided by z(6)?
6
Let l = 37 + 29. What is the remainder when l is divided by 17?
15
Let i(c) = -c**3 - 6*c**2 + 6*c + 6. Let h be i(-7). Suppose 1 = d - h. What is the remainder when 41 is divided by d?
13
Suppose n = -2*z + 135, -3*z - 4*n + 345 = 2*z. Calculate the remainder when z is divided by (22/3)/(3 - (-25)/(-9)).
32
Suppose 0*o = 4*o + 4*d - 16, 4*d - 21 = -5*o. Suppose 3*u + 10 = o*u. What is the remainder when 6 is divided by u?
1
Suppose -2*y = 5*r - 65, 2*r + 2*y = -r + 39. What is the remainder when r is divided by 7?
6
Suppose -5 = -o + 18. Let u(k) = 11*k. Let b be u(2). Let s = b - 10. What is the remainder when o is divided by s?
11
Suppose 4*w = -4*y + 288, w - 5*y = 9 + 93. What is the remainder when w is divided by 10?
7
Let t(x) = -5*x + x**3 + 3*x**3 - 2*x**2 - 4*x**3 + x**3 + 5. Calculate the remainder when t(4) is divided by (3 + 0)*(0 + 3).
8
Suppose -2*m = -6*m + 16. Let o(z) = 2*z + 1. Let q(j) = 4*j + 4. Calculate the remainder when q(3) is divided by o(m).
7
Let k = -23 + 27. Suppose k*f - 7 - 13 = 0, -3*s + 3*f = -54. What is the remainder when s is divided by 6?
5
What is the remainder when 31 is divided by ((-2)/4)/(-3*(-2)/(-132))?
9
What is the remainder when 93 is divided by -2 - 1*(-102)/3?
29
What is the remainder when 78 is divided by 5*6 + (-3 - -1 - 2)?
0
Suppose -m + 1153 = 4*p - 0*m, -4*m + 580 = 2*p. What is the remainder when 17 is divided by p/30 + (-4)/(-10)?
7
Let q = -7 - -17. What is the remainder when 39 is divided by q?
9
Let v(o) = -o**2 - 18*o + 23. What is the remainder when v(-10) is divided by 26?
25
Let k(j) = -j - 1. Let b be k(-2). Let c = 30 - b. Suppose 2*o = o + 10. Calculate the remainder when c is divided by o.
9
Suppose 8*n + 19 - 131 = 0. Let i(h) = 3*h**2 - 2*h. Calculate the remainder when i(4) is divided by n.
12
Suppose -3 - 9 = -2*w. What is the remainder when 22 is divided by w?
4
Suppose 5*x = 3*x - 18. Let r be -1 + 0 + -26 + -1. Let u = x - r. Calculate the remainder when u is divided by 7.
5
Let y(n) = -n**3 + 9*n**2 - 13*n + 1. What is the remainder when 20 is divided by y(7)?
4
Suppose -2*d - 2*d = -20. Suppose -4*q + r + 2*r - 4 = 0, 0 = -4*q + 4*r - 8. Calculate the remainder when ((-3 + d)*-7)/(-2) is divided by q.
1
Let n(o) = o**3 - 4*o**2 - 2*o - 7. Let a be n(5). Let c = 30 - a. What is the remainder when 2/(((-4)/(-130))/1) is divided by c?
21
Let a(o) = -o**3 + 8*o**2 - 8*o + 8. Let p be a(7). Let u be (p - 0)*0/(-8). Suppose 2*m + u*m - 6 = 0. Calculate the remainder when 7 is divided by m.
1
Suppose 5*z + 89 = 4*w - 0*z, -2*w + 3*z = -47. Suppose 2*k - 7*k = -2*q - 147, -4*k + 3*q = -112. Calculate the remainder when k is divided by w.
15
Let w(q) = -13*q + 14. What is the remainder when w(-5) is divided by 10?
9
Suppose 2*h + 21 = 103. Calculate the remainder when h is divided by 14.
13
Let d = 34 - 60. Let x(f) = -f**3 - 3*f**2 + 2*f. Let k be x(-5). Let v = d + k. What is the remainder when 27 is divided by v?
13
Let t = -19 - -11. Let w = t - -18. What is the remainder when 17 is di